h = 3542 + -1804. What is the tens digit of h?
3
Let v(f) = -f - 12. Let h(s) = 5*s + 60. Let q(x) = -2*h(x) - 11*v(x). What is the tens digit of q(5)?
1
Let d = 54 - -1624. What is the thousands digit of d?
1
Let u be (6/(-4))/(12/32). Let d be (-7 + 5)*10/u. Suppose o + o = -5*c + 84, d*c - 4*o = 102. What is the units digit of c?
8
Suppose -3*b - 255 - 188 = -5*v, -2*v + 3*b + 170 = 0. Let j = -40 + v. What is the units digit of j?
1
Suppose 0 = 3*f - 3, -4234 = -2*q + 3*f + 77. What is the thousands digit of q?
2
Let f = 484 - -357. What is the units digit of f?
1
Suppose 4*x + k = 2603, -10*k - 3254 = -5*x - 11*k. What is the tens digit of x?
5
Suppose 3*y - 2*p - 7 = -0, -9 = -4*y + 3*p. Suppose 0 = y*a + 4*i - 17, a - 4*i = i - 7. Suppose a*h = 2*h + 26. What is the units digit of h?
6
Let d be (-12)/(-4) - (2 + -17). Suppose d = t + 5*t. What is the units digit of t?
3
Let q be (1 - -9) + (-2 - 0). Let x(l) = l**3 - 3*l. Let a be x(q). Suppose -a = -7*n - n. What is the units digit of n?
1
Let u(f) be the second derivative of -f**6/720 + f**5/30 + f**4/6 + 2*f. Let w(p) be the third derivative of u(p). What is the units digit of w(0)?
4
Let p = 58 + -54. Suppose j - 235 = -p*j. What is the units digit of j?
7
What is the tens digit of (2/4 + -1)/((-29)/26332)?
5
Let b be 9/6*(-12)/(-9). Suppose -b*v + 29 + 151 = 0. What is the units digit of v?
0
Let d = -824 + 1763. What is the hundreds digit of d?
9
Let k be (-1020)/45*(-21)/2. Suppose -k - 32 = -5*s. What is the tens digit of s?
5
Let l = 8 + -3. Suppose l*o - 208 = z, -4*o - 3*z = -4*z - 167. What is the units digit of o?
1
Let b(j) = j + 17. Let l be b(-11). Suppose -5*n + l = -4. What is the units digit of 4 + -1*6/n?
1
Let o(b) = -b**3 + 20*b**2 - 39*b - 17. What is the tens digit of o(16)?
8
Let n(c) = -c**3 - 21*c**2 - 54*c - 18. What is the tens digit of n(-20)?
6
Let r be (3 - -40) + -1 + -3. Suppose 0 = -0*m + 3*m + 2*g - 78, -5*g + r = m. What is the tens digit of m?
2
Suppose 45*p - 46*p = -348. What is the tens digit of p?
4
Suppose -5*s + 3*w - 4 = -373, 3*s + w = 227. Suppose -3*j + 432 + s = 0. What is the tens digit of j?
6
Suppose 0 = 2*y - 9*s + 6*s - 681, -5*y - 4*s = -1668. What is the units digit of y?
6
Suppose -4*b = 4*v - 7*v + 57, -v = b - 12. Let w be 9 - -6*(-10)/v. Suppose 0 = -4*s + 203 + w. What is the units digit of s?
2
Suppose -5*b = -3*w - 5050, b + 1012 = 2*b - w. What is the hundreds digit of b?
0
Let r(o) = -2*o**3 - 18*o**2 - 8*o + 45. What is the units digit of r(-14)?
7
Let w(a) = -a**3 + 15*a**2 + 2*a - 7. Let m be w(15). Suppose -m*j + 4191 + 317 = 0. What is the hundreds digit of j?
1
Suppose -5*b + 4*b + 5 = 0. Suppose -b*i + 24 = -2*i. What is the units digit of 1/((-4 + 8)/i)?
2
Let u(f) = -16*f + 84. Let q = -93 + 86. What is the units digit of u(q)?
6
What is the units digit of 19/(-57) + (-1645)/(-3)?
8
Let o(t) = -t**3 + 5*t**2 - 4*t - 1. Let f be o(2). Suppose 2*s - 562 = -4*a + 3*s, 5*a - 699 = f*s. What is the hundreds digit of a?
1
Let n(j) = -114*j - 287. What is the hundreds digit of n(-23)?
3
Let x = 474 - 0. What is the units digit of x?
4
Suppose 0 = -2*r - 2*g + 15 - 5, -5*r + 25 = 4*g. Suppose -s - 31 = -r*q - 171, -390 = -3*s + 5*q. What is the hundreds digit of s?
1
Suppose 4*b - 3*i = -43, 4*i = b + i + 4. Let t = 92 + b. What is the tens digit of t?
7
Suppose 4*h - 2*p = -3*p + 32, -5*p = h - 8. Suppose -h*v - 760 = -16*v. What is the tens digit of v?
9
Let c be -4 - 3*(0 - 1). Let w be (c/4)/(2/(-16)). Suppose -4*v = w*r - 8*v - 28, -20 = 5*v. What is the units digit of r?
6
Let w(q) = -3*q**2 + 16*q - 6. Let l = -7 - -13. Let x be w(l). Let p = x - -22. What is the units digit of p?
4
What is the units digit of (4 - 156/9)/((-2)/81)?
0
Suppose 42*c + 1925 = 47*c. What is the hundreds digit of c?
3
Suppose 2*y + 5 - 1 = 0, 3*y + 70 = 4*s. Let p = s + -10. Suppose -4*d + p*r = 3*r - 130, d = -r + 29. What is the units digit of d?
1
What is the hundreds digit of 4/2 - (-2 + -661)?
6
Let h = 6207 + -3533. What is the thousands digit of h?
2
Suppose 5*v = -5*z + 15, -15 = -v - 2*z - 2*z. What is the hundreds digit of (v/((-14)/(-21)))/((-1)/94)?
1
What is the thousands digit of (-10 - 0)/(-2) - 1285965/(-765)?
1
Let s(m) = -m**3 + 4*m**2 - 2*m + 7. Let n be s(3). What is the units digit of (4/n)/((-9)/(-1305))?
8
Let n(k) = 6*k - 2. Let v be n(-2). What is the tens digit of 32/v + 2 - (-4064)/14?
9
Let o(t) = -2*t + 0*t**2 - 2 + 5*t**2 - 73*t**3 + 74*t**3 - t**2. What is the units digit of o(-4)?
6
Let o = -2041 - -3779. What is the hundreds digit of o?
7
Suppose -3*u + 2*k - 118 = 0, 82 = -3*u - 3*k - 56. Let m = u + 59. What is the tens digit of m?
1
Let s(k) = k**3 - 19*k**2 + 8*k + 18. What is the hundreds digit of s(21)?
0
Let n(j) = j - 3. Let v be 22/(-14) + (-3)/7. Let o be n(v). Let b(l) = l**2 - 9*l - 7. What is the tens digit of b(o)?
6
Let q(t) = -t**2 - 10. Let n be q(0). Let c(x) be the second derivative of -x**5/20 - 11*x**4/12 - 11*x**3/6 + 4*x**2 + 161*x. What is the tens digit of c(n)?
1
Let l be 6 - 20/3 - 4/(-6). Suppose n + o - 121 = l, -5*n + 2*o + 619 = -0*n. What is the hundreds digit of n?
1
Let n(l) = l + 74. Let g be n(12). Let h(t) = t**2 - 3*t + 7. Let s be h(-5). Let a = g - s. What is the tens digit of a?
3
Let g(r) = -4*r - 12. Let z be g(-3). Suppose z = -10*o + 5*o + 20. What is the tens digit of ((-118)/o)/((-3)/6)?
5
Let j(f) = f**3 - 3*f**2 + 2*f + 2. Let a be j(2). Suppose 3*t - 40 = a*t. Suppose -14 = -3*g + t. What is the units digit of g?
8
Let d(i) = -2*i + 5. Let o be ((-4)/3)/((-5)/(-30)). Let z be d(o). Suppose 4*l - 31 = -5*n + 2, -z = -4*n - 5*l. What is the units digit of n?
9
Suppose -64*y - 3897 = -73*y. What is the tens digit of y?
3
Suppose 0 = 4*q - 4*j + j + 95, -5*q - 105 = -j. Let b = 83 + q. What is the tens digit of b?
6
Suppose q - 569 = -2*p, 3*p + 2*q - 853 = -0*q. Let o = 583 - p. What is the units digit of o?
8
Suppose -7*q - 1604 = -12*q + 3*y, 0 = 2*q - 4*y - 636. What is the hundreds digit of q?
3
Let b be 10/40 + 103/4. Let p be ((-4)/34)/1 + 8203/221. Let y = p - b. What is the tens digit of y?
1
Let d = 54 + -112. Let u = d + 106. Let a = -23 + u. What is the units digit of a?
5
Suppose -5*w + 2*z - 6 = -z, -2*w - 8 = -4*z. Suppose w = -4*m + m + 15. Suppose -2*r + m*h + 71 = 0, 2 = 2*h + 12. What is the units digit of r?
3
Let r = 14 - 9. Let z(o) = -o**3 + 6*o**2 - 5*o - 1. Let t be z(r). What is the units digit of t + 1/((-3)/(-42))?
3
Let d be 9/4 + 3/(-12). Suppose i - 3 = -3*o + d*i, -4*o + 4 = 5*i. What is the units digit of o/((-3)/39*-1)?
3
Let s(t) = 3*t + 7. Let l(m) = -3*m - 7. Let x(d) = -6*l(d) - 7*s(d). Let f(b) = -b**3 - 5*b**2 + 2*b + 5. Let k be f(-5). What is the units digit of x(k)?
8
Let g(a) = 94*a - 10. What is the units digit of g(3)?
2
Suppose 0 = -4*m + 268 + 608. Let h = -110 + m. What is the tens digit of h?
0
Let k = 778 + -334. What is the units digit of k?
4
Let q be 3 + -9 + (-5)/(-7 + 2). Let a(u) = 3*u - 6. Let k(m) = -3*m + 6. Let o(j) = 2*a(j) + 3*k(j). What is the tens digit of o(q)?
2
Suppose 4*k = -2*h - 2*h + 36, 2*k = 2*h - 2. What is the units digit of 239 + -2 - (k - 0)?
3
Let j(u) = 5 + 3*u**2 + u**2 - 5*u - 3*u**2. Let a(s) = s**2 - 17*s - 133. Let z be a(23). What is the units digit of j(z)?
5
Let g = 208 + 58. What is the units digit of g?
6
Suppose 4*c - 556 = 5*c - 3*b, 0 = 3*c + b + 1678. Let a = 785 + c. What is the tens digit of a?
2
Suppose 2*r - 7*r = -2130. What is the units digit of (r/9)/(2/3)?
1
Let m = -2527 + 4841. What is the hundreds digit of m?
3
Let o(l) = 14*l**2 - 1. Let s be o(-1). Suppose -2*c + 59 + s = 0. What is the tens digit of c?
3
Suppose 4*q - 6 = 5*j, 2*j + 6 - 4 = 2*q. What is the units digit of (2/(-6)*j)/(3/18)?
4
Suppose 4*u + 2*b - 6 = 0, 3*u + 0*b = -b + 6. Suppose -u = -3*n + 6. Suppose -n*f + 10 = -2. What is the units digit of f?
4
Let v(d) = -8*d - 17. Suppose 10 - 3 = -a. What is the units digit of v(a)?
9
Suppose 2 = -2*h - 0*h + 2*b, 2*h + 3*b - 13 = 0. Suppose -h*m - 15 = -3*m - 3*l, 0 = 4*m - l - 21. Suppose 3*u = 3 + m. What is the units digit of u?
3
Suppose 0 = -5*n + 7*n - 188. Suppose -t - t = -n. What is the units digit of t?
7
Suppose 0 = -3*k + 4 - 16